5*i - 141. Let l = f - -193. Suppose 4*z - l = 38. What is the tens digit of z?
4
Suppose 5*f = -2*r + 1643, 2*f = -0*f - 2. Suppose 3*g = 4*v + 590, 4*g + 0*v + 4*v = r. What is the units digit of g?
2
Let z(l) = -2*l + 22. Let o be z(10). Suppose y - 101 = -y + v, 49 = y - o*v. What is the tens digit of y?
5
Let t = -18 + 28. Suppose -4*f = 4*y - 2*y - 20, -t = -f + 2*y. What is the units digit of f?
6
Let p be (-2)/3 - (-3458)/3. Suppose -15*g + 9*g = -p. What is the units digit of g?
2
Suppose 2*o + 80 = 6*o - 2*c, 3*o - c = 62. What is the units digit of o + (12/(-4) - -3)?
2
Let r(n) be the second derivative of -n**4/12 + 5*n**3/3 - 3*n**2/2 - n - 5. Let w be (3 - 1)*(2 - -2). What is the units digit of r(w)?
3
Let a = 2414 + -1514. What is the tens digit of a?
0
Let a be (-38)/(-14) - (-6)/21. Suppose -o - a*v - 25 = -2*o, 4*v + 81 = 5*o. Let t = 23 - o. What is the units digit of t?
0
What is the units digit of 1783 + 5 + 9*2/(-6)?
5
Let j = 12 + -9. Suppose 4*d - 56 = s, j*d + 5*s - 23 = -4. What is the tens digit of d?
1
Let p(q) = q - 7. Let i be p(-8). Let x = i + 17. What is the units digit of -2*x/8*-62?
1
Suppose 25*q = 7060 + 7740. What is the units digit of q?
2
What is the thousands digit of (14/28)/((-5)/(-19430))?
1
Let y = -2253 - -4279. What is the hundreds digit of y/13 + (-18)/(-117)?
1
Let x be (30/4 - 5)*-146. Let k = -234 - x. What is the tens digit of k?
3
Suppose 7 = 2*r - 9. Let n = 10 - r. Suppose -n*m + 24 = -0*m. What is the tens digit of m?
1
Suppose 17*t - 1737 = 8*t. What is the units digit of t?
3
Let f = -292 + 303. What is the units digit of f?
1
Let p = 0 + 9. Let i be -43 - -38 - -2*4. Suppose -i*g - 198 = -p*g. What is the tens digit of g?
3
Let h(x) be the second derivative of -x**3/6 + 3*x**2 - 21*x. What is the units digit of h(5)?
1
Let r be 14/6 + 3/((-9)/1). Suppose 3*m = -4*o + o + 207, -3*m - r*o + 204 = 0. What is the tens digit of m?
6
Let b be -8 + -2*2/4. Let r = b - -12. Suppose -23 - r = -2*n. What is the tens digit of n?
1
Let d = 1382 + -922. What is the tens digit of d?
6
Suppose 0 = -18*h + 14*h. Suppose -d - 2*d + 63 = h. What is the units digit of d?
1
Let h be -4*((-2034)/(-8))/(-9). Let b = 204 - h. What is the units digit of b?
1
Suppose -3*k + 1394 = -5*i + 10088, 4*i + 5*k - 6933 = 0. What is the hundreds digit of i?
7
Suppose -3*x - 2 = 1, -j + 3*x = -15. Suppose 8*g - j*g + 4 = 0. What is the units digit of 1/(g + 2/(-4))?
2
Let j(b) = 3*b + 29. Suppose 54 = -6*d + 18. What is the units digit of j(d)?
1
Suppose 5*m = 3603 + 4512. What is the thousands digit of m?
1
Let g(a) = 17*a**2 + 5*a + 38*a**2 - 3*a + 1 + 17*a**2. What is the units digit of g(-1)?
1
Suppose -14*z + 9*z - 1245 = 0. Let s = 440 + z. What is the hundreds digit of s?
1
Let o(j) be the first derivative of -j**4/4 - 4*j**3 + 11*j**2/2 + 4*j - 11. What is the units digit of o(-13)?
0
Let n(u) = -u**3 + 5*u**2 - 3*u - 1. Let t(k) = -2*k + 1. Let i be t(-4). Let g(h) = -h**3 + 10*h**2 - 9*h + 3. Let r be g(i). What is the units digit of n(r)?
8
Suppose 0*y = -4*y + 304. Suppose -4*b - y = -z, -3*b + 4*b = -4*z + 253. Let m = -45 + z. What is the units digit of m?
9
Suppose 0 = -l + 2*s - s + 1072, 0 = 3*l - s - 3220. What is the thousands digit of l?
1
Suppose -5*o = -4*g + 765, 0 = -3*g + 2*g + 2*o + 195. What is the units digit of g?
5
Let i(p) = -4*p + 6*p + 8 - 3*p. Let k be i(6). Suppose k*y + 2*y + j = 12, -12 = -4*y - 2*j. What is the units digit of y?
3
Let q = 252 - -673. What is the hundreds digit of q?
9
Suppose h = -2*k - 10, 3*h = 7*h - k - 5. Let y = 194 + -87. Suppose 5*g + 3*s - y = 0, h = 4*g + g - 5*s - 115. What is the units digit of g?
2
Let x = -300 + 782. Let q be x/12 - 2/12. Suppose 0 = 3*j - 5*g - 75, -3*j - q = g - 133. What is the tens digit of j?
3
Let k be ((-4)/(-8))/((-3)/(-132)). Let d = k - -20. What is the units digit of d?
2
Let k(f) = -f**2 - 5*f - 4. Let l be k(-4). Let h = 20 + -19. What is the units digit of (-6)/h*(l + -1)?
6
Suppose 2*a = -4*v + 6362, 5*a = 11*v - 10*v - 1574. What is the thousands digit of v?
1
Suppose 3*t + 3*q - 4269 = 0, 2*q = -2*t + 3*q + 2834. What is the tens digit of t?
1
Let d = 32 + -42. Let u be -186 - d - (-3 - 0). Let i = u + 243. What is the units digit of i?
0
Suppose -3565 - 531 = -8*l. What is the hundreds digit of l?
5
Let u(g) = g**3 - 9*g**2 - 7*g. Let x be 0 - (-9 + -3) - 2. What is the units digit of u(x)?
0
Let p be (3/(-3))/((-5)/(-15)). Let c(i) = -3*i**3 - 2*i**2 + i + 1. What is the units digit of c(p)?
1
Let m(q) = q**3 - 23*q**2 + 12*q + 25. What is the tens digit of m(25)?
7
Let t(p) = p - 4. Let m be t(0). Let d(c) = c + 6. Let f be d(m). Suppose 3*r = 3*w + f*w + 76, 0 = -4*w + 16. What is the units digit of r?
2
Let n(d) = d**2 - 8*d - 25. What is the tens digit of n(23)?
2
Suppose -4*o = -8*o + 16. Suppose -o*x - 259 = -5*q, 0 = -5*q - x - 2*x + 287. What is the units digit of q?
5
Suppose 0*y - 5*y - 2*l = -2374, l + 1894 = 4*y. What is the units digit of y?
4
What is the units digit of (-16)/36 + (-5836)/(-9)?
8
Let d(p) = p**3 - 14*p**2 - 10*p - 12. Suppose -11*k - 60 = -15*k. What is the units digit of d(k)?
3
Let s(t) = 18*t**3 - 12*t**2 + 10*t + 4. What is the units digit of s(7)?
0
Suppose -1613 = 11*v + 1797. Let x = v - -495. What is the tens digit of x?
8
Let a(c) = c**2 - 2*c - 2. Let t be a(0). Let z be (-14 - 6) + (-1 - t). Let s = z + 24. What is the units digit of s?
5
Let x(s) = -s**3 + 2*s**2 + 3*s + 4. Let o be x(3). Suppose -o*h + 6*h = 280. What is the tens digit of h?
4
Let v(y) = 4*y**3 - y**2 + 5*y + 18. Let n be v(6). Suppose 3*w - 228 = -p + 651, 3*w + 2*p = n. What is the hundreds digit of w?
2
Let y be 2/((7 + -12)*4/(-30)). Suppose 0 = -y*o + 161 - 44. What is the units digit of o?
9
Suppose -o = 2*o. Let y be (-1 + (-2)/(-4))*(-6 + 6). Suppose o = -0*s - 4*s - u + 23, y = 2*s + 3*u - 19. What is the units digit of s?
5
Suppose -23*s + 115389 + 6419 = 0. What is the tens digit of s?
9
Suppose -2 = 4*x - 10. Suppose 38 = x*i - 46. What is the units digit of i?
2
Let x be (-2)/(-7) - 72/(-42). What is the tens digit of (3/x)/(4*9/528)?
2
Let d(u) = -2*u**3 - 4*u**2 + 9*u + 51. What is the tens digit of d(-6)?
8
Let g(l) be the third derivative of 3*l**4/8 + 31*l**3/6 + 18*l**2. What is the tens digit of g(8)?
0
Suppose 1073 = 7*y - 446. Suppose 3*x - 41 = 4*j + y, 4*j - 258 = -3*x. Suppose 0 = -2*s - 2*l + x, -2*s + l - 18 = -92. What is the tens digit of s?
3
Let w(f) = -f**3 + f**2 + 4*f + 1. Let h be w(3). Let s = 3 + h. What is the units digit of (14/4)/(s/(-20))?
5
Let b(a) = 7*a**2 - 6*a**2 + 0*a**2 + 5*a**2 - 1. Let s be b(-1). Suppose 5*j + s*p = p + 118, 4*j + p = 101. What is the tens digit of j?
2
Let g(l) be the third derivative of 5*l**4/6 + 11*l**3/2 + 24*l**2. What is the tens digit of g(7)?
7
Suppose 51*j + 35*j = 249056. What is the units digit of j?
6
Let g(u) = -40*u. What is the tens digit of g(-1)?
4
Let b(f) = -f**3 - 9*f**2 + 3*f + 7. Let z be -1*-6*(-12)/8. Let j be b(z). Let y = j + 39. What is the tens digit of y?
1
Let i(c) = -2*c**3 - 43*c**2 + 33*c + 24. What is the tens digit of i(-24)?
1
Suppose -5*p = 67 + 373. Let z = -33 - p. What is the tens digit of z?
5
Let t = 527 - -313. What is the hundreds digit of (-238)/(-4)*t/245?
2
What is the tens digit of 5 + ((-1236)/(-10) - 14/(-35))?
2
Suppose 0 = -5*o + 2*m + 29, 2*m - 6 = -3*o + o. Suppose 0 = 3*x + a + 4 + 18, x - o*a = -34. Let w = x - -38. What is the units digit of w?
9
Let x = -23 - -26. Suppose -5*z + 170 = 5*w, 4*z + x*w - 160 = -z. What is the tens digit of z?
2
Let s = 28 - -57. Suppose s - 2989 = -12*c. What is the units digit of c?
2
Suppose 0 = -3*q + 2*d + 21, 11 = 4*q - 2*d - 15. What is the units digit of (64/10)/(2/q)?
6
What is the tens digit of -10 - 5/(10/(-2554))?
6
Suppose 60 = 5*o + 565. Let m = o + 201. What is the hundreds digit of m?
1
Suppose -31*j + 1845 = -1007. Let u = 33 - 3. What is the units digit of u/(-18) + j/3?
9
What is the tens digit of 1/(-5) - (-15)/((-300)/(-24784))?
3
Let m(g) = g**2 - 14*g - 2. Let x be m(14). Let l = -21 + 30. Let t = x + l. What is the units digit of t?
7
Suppose -3*i = 3*l + 153, l = 2*i - 0*l + 87. Let u = -18 - i. What is the tens digit of u?
